{"id":1816,"date":"2015-06-29T15:38:53","date_gmt":"2015-06-29T15:38:53","guid":{"rendered":"http:\/\/archives.lab-gamerz.com\/site\/?page_id=1816"},"modified":"2020-02-12T14:38:43","modified_gmt":"2020-02-12T14:38:43","slug":"formations-professionnelles","status":"publish","type":"page","link":"https:\/\/archives.lab-gamerz.com\/site\/formations-professionnelles\/","title":{"rendered":"Formations Professionnelles"},"content":{"rendered":"<p><strong>FORMATION IMPRESSION 3D<\/strong><\/p>\n<p>&nbsp;<\/p>\n<p>L&rsquo;impression 3D devient aujourd&rsquo;hui un outil incontournable dans de nombreux domaines. Par ses emplois vari\u00e9s, elle red\u00e9finit autant les possibilit\u00e9s industrielles que cr\u00e9atives.<br \/>\nApprenez \u00e0 maitriser cette technique au cours d&rsquo;une formation professionnalisante et devenez autonome dans vos cr\u00e9ations.<br \/>\nM2F Cr\u00e9ations &#8211; Lab Gamerz vous propose d&rsquo;appr\u00e9hender l&rsquo;\u00e9cosyst\u00e8me de l&rsquo;impression 3D. Il s&rsquo;agit d&rsquo;en connaitre \u00e0 la fois ses usages et ses possibilit\u00e9s, mais \u00e9galement ses limites.<br \/>\nEn m\u00ealant contenu th\u00e9orique et mise en pratique, la formation vous permettra de mettre en \u0153uvre \u00e9tape par \u00e9tape le proc\u00e9d\u00e9 de fabrication d&rsquo;un objet imprim\u00e9 pour pouvoir l&rsquo;introduire dans vos projets.<\/p>\n<p>&nbsp;<\/p>\n<p><strong>PROGRAMME<\/strong><\/p>\n<p>&#8211; Introduction et bases de la conception 3D pour l&rsquo;impression FDM<br \/>\n&#8211; Principe fondamentaux et contraintes de l&rsquo;impression FDM<br \/>\n&#8211; Conception d&rsquo;un mod\u00e8le simple avec sketchup<br \/>\n&#8211; Impression d&rsquo;un mod\u00e8le simple avec Cura sur Ultimaker<br \/>\n&#8211; Conception d&rsquo;un mod\u00e8le complexe, optimisation et contraintes propres \u00e0 l&rsquo;impression FDM<br \/>\n&#8211; Conception param\u00e9trique avec OpenScad<br \/>\n&#8211; Apprendre \u00e0 optimiser ses mod\u00e8les pour la rapidit\u00e9, l&rsquo;\u00e9conomie, la fiabilit\u00e9 et la durabilit\u00e9.<br \/>\n&#8211; Maintenance d&rsquo;une imprimante FDM, pr\u00e9sentation des diff\u00e9rents mat\u00e9riaux utilisables.<br \/>\n&nbsp;<\/p>\n<p><strong>Formateur<\/strong> : Gr\u00e9goire Lauvin, Artiste, Docteur en pratique et th\u00e9orie de la cr\u00e9ation artistique et litt\u00e9raire,<br \/>\nEnseignant-Chercheur au Laboratoire Locus Sonus (PRISM-CNRS-ESAAIX-AMU)<\/p>\n<p>&nbsp;<\/p>\n<p>Pour tout renseignements (tarifs, horaires, etc.): merci de prendre contact avec nous par mail : contact@lab-gamerz.com, ou par t\u00e9l\u00e9phone au : +33 (0) 4.42.93.10.04.<\/p>\n<p>&nbsp;<\/p>\n<p><a href=\"http:\/\/www.lab-gamerz.com\/storage\/programme-formations-pro.pdf\" target=\"_blank\">En savoir +<\/a><br \/>\n&nbsp;<\/p>\n<div class=\"embed-container\">\n<a data-flickr-embed=\"true\"  href=\"https:\/\/www.flickr.com\/photos\/m2fcreations\/albums\/72157654811641169\" title=\"Impressions 3D\"><img loading=\"lazy\" decoding=\"async\" src=\"https:\/\/farm1.staticflickr.com\/497\/19081070079_ab93d375fb_b.jpg\" width=\"1000\" height=\"667\" alt=\"Impressions 3D\"><\/a><script async src=\"\/\/embedr.flickr.com\/assets\/client-code.js\" charset=\"utf-8\"><\/script>\n<\/div>\n<p>&nbsp;<\/p>\n<p><strong>FORMATION GRAVURE &#038; D\u00c9COUPE LASER<\/strong><\/p>\n<p>&nbsp;<\/p>\n<p>La d\u00e9coupe laser est un processus fr\u00e9quemment utilis\u00e9 aujourd\u2019hui pour la d\u00e9coupe ou la gravure d\u2019une grande vari\u00e9t\u00e9 de mat\u00e9riaux. La haute pr\u00e9cision, la vitesse et la polyvalence du laser sont les principaux avantages d\u2019un traitement par d\u00e9coupe laser. M2F Cr\u00e9ations &#8211; Lab Gamerz vous propose un accompagnement dans l&rsquo;apprentissage et la ma\u00eetrise de cette technique pour devenir autonome dans la r\u00e9alisation de vos cr\u00e9ations, de la conception de vos fichiers jusqu&rsquo;\u00e0 leur fabrication. <\/p>\n<p>&nbsp;\n<\/p>\n<p><strong>PROGRAMME<\/strong><\/p>\n<p>&#8211; Introduction et bases de la CNC laser (principe de fonctionnement,description du mat\u00e9riel, observation d&rsquo;un premi\u00e8re d\u00e9coupe).<br \/>\n&#8211; Formation \u00e0 la manipulation du mat\u00e9riel (s\u00e9curit\u00e9, proc\u00e9dure de mise en route, informatique), premi\u00e8re d\u00e9coupe.<br \/>\n&#8211; Conception d&rsquo;un mod\u00e8le simple avec illustrator ou inkscape.<br \/>\n&#8211; Premi\u00e8re d\u00e9coupe et gravure d&rsquo;un objets con\u00e7u par le participant.<br \/>\n&#8211; Conception et d\u00e9coupe d&rsquo;un mod\u00e8le sur bois assembl\u00e9 par chevron.<br \/>\n&#8211; Conception et d\u00e9coupe d&rsquo;engrenages.<br \/>\n&#8211; Optimisation des mod\u00e8les selon les contraintes propres \u00e0 la CNC laser.<br \/>\n&#8211; Introduction d&rsquo;un panel de mat\u00e9riaux utilisables en CNC laser de leurs contraintes et sp\u00e9cificit\u00e9s (plastique, papier, m\u00e9tal, verre, pierre).<br \/>\n&#8211; Ma\u00eetrise de la gravure sur divers mat\u00e9riaux.<br \/>\n&#8211; \u00c9dition de pr\u00e9-r\u00e9glages personnalis\u00e9s.<br \/>\n&#8211; Maintenance et entretiens de la d\u00e9coupe laser.<br \/>\n&nbsp;<\/p>\n<p><strong>Formateur<\/strong> : Gr\u00e9goire Lauvin, Artiste, Docteur en pratique et th\u00e9orie de la cr\u00e9ation artistique et litt\u00e9raire,<br \/>\nEnseignant-Chercheur au Laboratoire Locus Sonus (PRISM-CNRS-ESAAIX-AMU)<\/p>\n<p>&nbsp;<\/p>\n<p>Pour tout renseignements (tarifs, horaires, etc.): merci de prendre contact avec nous par mail : contact@lab-gamerz.com, ou par t\u00e9l\u00e9phone au : +33 (0) 4.42.93.10.04.<\/p>\n<p>&nbsp;<\/p>\n<p><a href=\"http:\/\/www.lab-gamerz.com\/storage\/programme-formations-pro.pdf\" target=\"_blank\">En savoir +<\/a><br \/>\n&nbsp;<\/p>\n<div class=\"embed-container\">\n<a data-flickr-embed=\"true\"  href=\"https:\/\/www.flickr.com\/photos\/m2fcreations\/albums\/72157713079746037\" title=\"D\u00e9coupe &amp; gravure laser\"><img loading=\"lazy\" decoding=\"async\" src=\"https:\/\/farm1.staticflickr.com\/65535\/49525796017_c2ec46e72d_z.jpg\" width=\"1000\" height=\"667\" alt=\"Impressions 3D\"><\/a><script async src=\"\/\/embedr.flickr.com\/assets\/client-code.js\" charset=\"utf-8\"><\/script>\n<\/div>\n","protected":false},"excerpt":{"rendered":"<p>FORMATION IMPRESSION 3D &nbsp; L&rsquo;impression 3D devient aujourd&rsquo;hui un outil incontournable dans de nombreux domaines.&hellip;<\/p>\n","protected":false},"author":1,"featured_media":0,"parent":0,"menu_order":0,"comment_status":"closed","ping_status":"open","template":"","meta":{"footnotes":""},"class_list":["post-1816","page","type-page","status-publish","hentry"],"_links":{"self":[{"href":"https:\/\/archives.lab-gamerz.com\/site\/wp-json\/wp\/v2\/pages\/1816"}],"collection":[{"href":"https:\/\/archives.lab-gamerz.com\/site\/wp-json\/wp\/v2\/pages"}],"about":[{"href":"https:\/\/archives.lab-gamerz.com\/site\/wp-json\/wp\/v2\/types\/page"}],"author":[{"embeddable":true,"href":"https:\/\/archives.lab-gamerz.com\/site\/wp-json\/wp\/v2\/users\/1"}],"replies":[{"embeddable":true,"href":"https:\/\/archives.lab-gamerz.com\/site\/wp-json\/wp\/v2\/comments?post=1816"}],"version-history":[{"count":30,"href":"https:\/\/archives.lab-gamerz.com\/site\/wp-json\/wp\/v2\/pages\/1816\/revisions"}],"predecessor-version":[{"id":2753,"href":"https:\/\/archives.lab-gamerz.com\/site\/wp-json\/wp\/v2\/pages\/1816\/revisions\/2753"}],"wp:attachment":[{"href":"https:\/\/archives.lab-gamerz.com\/site\/wp-json\/wp\/v2\/media?parent=1816"}],"curies":[{"name":"wp","href":"https:\/\/api.w.org\/{rel}","templated":true}]}}